and 9930.
30
What is the greatest common factor of 38745 and 21?
21
What is the greatest common factor of 1425 and 195?
15
Calculate the highest common factor of 415 and 5.
5
Calculate the greatest common divisor of 1746 and 90.
18
What is the highest common divisor of 8 and 388?
4
Calculate the greatest common factor of 3206 and 28.
14
Calculate the highest common factor of 92 and 7.
1
Calculate the greatest common divisor of 26663 and 586.
293
What is the highest common factor of 2336 and 73?
73
What is the greatest common factor of 783 and 87?
87
Calculate the highest common divisor of 387 and 45.
9
What is the greatest common divisor of 364 and 104?
52
What is the greatest common factor of 9716 and 28?
28
What is the highest common divisor of 235 and 47?
47
Calculate the highest common factor of 73 and 18323.
73
What is the greatest common factor of 113 and 339?
113
What is the greatest common factor of 270 and 10?
10
What is the greatest common divisor of 14 and 8?
2
Calculate the highest common factor of 155 and 558.
31
What is the highest common divisor of 42 and 6342?
42
What is the greatest common divisor of 88 and 253?
11
Calculate the highest common divisor of 5824 and 156.
52
Calculate the greatest common factor of 2881 and 387.
43
What is the highest common divisor of 160 and 8192?
32
Calculate the greatest common divisor of 240 and 6480.
240
What is the highest common factor of 24 and 34284?
12
Calculate the greatest common factor of 544 and 96.
32
What is the greatest common divisor of 44 and 76?
4
Calculate the greatest common divisor of 18 and 81.
9
What is the highest common factor of 6226 and 44?
22
What is the greatest common divisor of 210 and 252?
42
What is the greatest common factor of 8 and 529?
1
Calculate the highest common divisor of 1728 and 1917.
27
Calculate the highest common divisor of 1068 and 24.
12
Calculate the greatest common factor of 264 and 24.
24
What is the greatest common divisor of 11 and 341?
11
Calculate the highest common divisor of 299 and 207.
23
What is the greatest common factor of 20 and 5410?
10
Calculate the greatest common factor of 5505 and 15.
15
What is the highest common factor of 112 and 140?
28
Calculate the greatest common divisor of 34 and 374.
34
Calculate the greatest common factor of 279 and 217.
31
What is the highest common factor of 11 and 319?
11
What is the greatest common factor of 84 and 364?
28
Calculate the greatest common divisor of 16 and 5.
1
Calculate the greatest common divisor of 64 and 756.
4
What is the greatest common factor of 56 and 182?
14
Calculate the highest common divisor of 1403 and 161.
23
What is the highest common divisor of 16550 and 50?
50
Calculate the greatest common factor of 37716 and 84.
84
What is the greatest common divisor of 4108 and 26?
26
Calculate the greatest common divisor of 148 and 28.
4
Calculate the greatest common factor of 331 and 1.
1
What is the greatest common factor of 3871 and 147?
49
What is the greatest common factor of 28 and 2576?
28
Calculate the greatest common divisor of 24 and 2472.
24
What is the highest common divisor of 46 and 2714?
46
What is the greatest common divisor of 1416 and 1534?
118
Calculate the highest common factor of 1 and 71.
1
What is the highest common divisor of 197 and 13987?
197
What is the highest common factor of 1736 and 4991?
217
What is the highest common factor of 19994 and 26?
26
What is the greatest common factor of 464 and 48?
16
Calculate the highest common factor of 36 and 30.
6
Calculate the greatest common divisor of 58 and 1189.
29
Calculate the greatest common factor of 67 and 201.
67
Calculate the highest common factor of 3162 and 17.
17
What is the greatest common divisor of 903 and 56?
7
Calculate the highest common divisor of 195 and 240.
15
Calculate the highest common divisor of 65 and 55.
5
What is the highest common divisor of 4 and 54?
2
Calculate the greatest common divisor of 507 and 39.
39
What is the greatest common divisor of 6 and 16938?
6
Calculate the greatest common divisor of 49 and 2.
1
Calculate the greatest common divisor of 1450 and 58.
58
Calculate the highest common factor of 9 and 36.
9
Calculate the greatest common divisor of 34 and 238.
34
Calculate the greatest common divisor of 1552 and 48.
16
Calculate the greatest common factor of 9 and 28719.
9
Calculate the highest common factor of 1207 and 71.
71
What is the highest common divisor of 64 and 19648?
64
What is the highest common divisor of 59 and 767?
59
Calculate the highest common divisor of 723 and 12.
3
What is the highest common factor of 492 and 123?
123
Calculate the greatest common divisor of 7188 and 12.
12
What is the greatest common divisor of 318 and 530?
106
What is the highest common factor of 32 and 768?
32
Calculate the greatest common factor of 286 and 442.
26
What is the greatest common divisor of 7291 and 368?
23
What is the greatest common factor of 1 and 617?
1
What is the highest common divisor of 11925 and 5?
5
Calculate the highest common divisor of 130 and 310.
10
Calculate the highest common divisor of 10 and 395.
5
What is the highest common factor of 18 and 13968?
18
What is the highest common factor of 15308 and 178?
178
Calculate the highest common divisor of 3636 and 36.
36
What is the highest common factor of 55 and 102685?
55
What is the highest common divisor of 6 and 3420?
6
Calculate the highest common divisor of 288 and 4626.
18
Calculate the greatest common factor of 17994 and 6.
6
What is the highest common divisor of 9409 and 873?
97
Calculate the highest common divisor of 297 and 22.
11
What is the greatest common divisor of 246 and 164?
82
What is the greatest common divisor of 147 and 5929?
49
Calculate the highest common factor of 41 and 3813.
41
What is the greatest common factor of 100 and 650?
50
Calculate the greatest common divisor of 102 and 108.
6
What is the highest common divisor of 55 and 120835?
55
Calculate the highest common factor of 50 and 125.
25
What is the highest common divisor of 968 and 363?
121
What is the greatest common divisor of 78 and 60?
6
Calculate the highest common divisor of 36 and 19236.
12
Calculate the greatest common divisor of 45 and 90.
45
Calculate the highest common factor of 1859 and 286.
143
What is the highest common divisor of 900 and 36?
36
Calculate the greatest common factor of 36 and 84.
12
Calculate the highest common factor of 52 and 26.
26
Calculate the highest common factor of 15 and 5.
5
Calculate the highest common factor of 150 and 2550.
150
What is the highest common divisor of 156 and 36?
12
What is the greatest common factor of 21527 and 11?
11
Calculate the greatest common factor of 54 and 34074.
54
Calculate the highest common divisor of 133 and 77.
7
Calculate the greatest common factor of 361 and 171.
19
What is the highest common divisor of 5491 and 68?
17
Calculate the highest common divisor of 207 and 23.
23
Calculate the highest common divisor of 1520 and 76.
76
Calculate the greatest common divisor of 2 and 446.
2
Calculate the highest common divisor of 74 and 666.
74
What is the greatest common factor of 3059 and 3591?
133
What is the greatest common factor of 220 and 4?
4
What is the highest common divisor of 84 and 24?
12
Calculate the greatest common factor of 5288 and 8.
8
Calculate the greatest common divisor of 82 and 8.
2
Calculate the highest common divisor of 1258 and 222.
74
Calculate the highest common factor of 285 and 665.
95
Calculate the highest common divisor of 15 and 345.
15
What is the highest common factor of 2119 and 234?
13
What is the highest common factor of 450 and 50?
50
What is the highest common factor of 266 and 70?
14
Calculate the greatest common factor of 216 and 792.
72
Calculate the greatest common factor of 1037 and 2623.
61
Calculate the highest common divisor of 2545 and 10.
5
What is the greatest common divisor of 93 and 1147?
31
What is the greatest common divisor of 38 and 4?
2
What is the highest common factor of 10242 and 234?
18
Calculate the highest common factor of 27 and 39.
3
What is the greatest common factor of 236 and 200?
4
What is the highest common factor of 70 and 196?
14
What is the greatest common divisor of 76 and 5092?
76
C